osite number?
False
Is 1779619 prime?
True
Is 29767469 a composite number?
False
Is 8751511 prime?
False
Is 112587731 a prime number?
True
Is 2148089 a composite number?
True
Is 70898129 composite?
True
Is 3323843 a composite number?
False
Is 4009721 prime?
True
Is 609859 a composite number?
False
Is 15687631 a prime number?
True
Is 1490029 prime?
True
Is 546461 a prime number?
True
Is 283971349 composite?
True
Is 951213 composite?
True
Is 1096031 a prime number?
True
Is 666860191 a prime number?
False
Is 275116669 prime?
True
Is 2373373 prime?
True
Is 2938963 composite?
True
Is 2935031 composite?
True
Is 86101721 prime?
True
Is 7702063 a prime number?
True
Is 173652991 a prime number?
True
Is 43109333 a prime number?
False
Is 68970599 composite?
False
Is 9519295 composite?
True
Is 11178109 prime?
True
Is 9776629 a composite number?
True
Is 33715901 composite?
True
Is 7518613 a composite number?
True
Is 8295899 a composite number?
True
Is 767808221 prime?
False
Is 130100171 a composite number?
False
Is 13363373 prime?
True
Is 1875521 a prime number?
True
Is 2113913 a composite number?
False
Is 576024934 composite?
True
Is 5985949 a composite number?
True
Is 7126399 prime?
False
Is 103481047 composite?
False
Is 382495331 a composite number?
False
Is 167843197 a prime number?
False
Is 1839367 composite?
True
Is 3443557 a prime number?
False
Is 389057 composite?
False
Is 9130867 prime?
True
Is 7219561 composite?
False
Is 7481179 a prime number?
True
Is 55201649 a composite number?
True
Is 8904857 a composite number?
True
Is 22078429 prime?
False
Is 162734083 a prime number?
True
Is 513829 a prime number?
True
Is 363537311 prime?
True
Is 113072378 composite?
True
Is 23154287 a composite number?
True
Is 13521961 a composite number?
False
Is 991321 prime?
False
Is 8158187 composite?
False
Is 66549463 composite?
True
Is 76835989 a composite number?
False
Is 103797587 prime?
True
Is 48549469 prime?
True
Is 100184155 a composite number?
True
Is 325338889 prime?
False
Is 29513779 prime?
True
Is 34730959 composite?
False
Is 4021801 a prime number?
False
Is 56442203 a prime number?
True
Is 52028789 composite?
True
Is 821484337 a prime number?
True
Is 691871 a prime number?
True
Is 7254773 prime?
False
Is 11651197 a prime number?
False
Is 465437761 prime?
False
Is 228104389 a prime number?
True
Is 25847737 composite?
False
Is 2296529 a prime number?
True
Is 759933451 composite?
True
Is 1450819 prime?
True
Is 669913 prime?
True
Is 8032133 prime?
True
Is 449519173 a composite number?
False
Is 25399603 a prime number?
False
Is 21331229 a composite number?
True
Is 150091313 prime?
True
Is 45307243 composite?
True
Is 20627151 a prime number?
False
Is 37183631 prime?
False
Is 6045857 a composite number?
True
Is 405762641 composite?
True
Is 12337301 a prime number?
True
Is 43858874 prime?
False
Is 781771 prime?
True
Is 17307313 a composite number?
False
Is 63569489 a prime number?
True
Is 215751373 a prime number?
True
Is 19338133 prime?
True
Is 29168957 prime?
False
Is 30346207 prime?
False
Is 295417 composite?
False
Is 545201 prime?
False
Is 86332269 a composite number?
True
Is 68122189 a prime number?
False
Is 486491251 composite?
False
Is 43560967 a composite number?
False
Is 37447493 a prime number?
True
Is 414913 a prime number?
True
Is 101655313 composite?
True
Is 5267659 a prime number?
True
Is 35514899 a prime number?
False
Is 6689545 prime?
False
Is 49707961 a composite number?
False
Is 773191799 composite?
False
Is 860239 composite?
False
Is 110875747 prime?
False
Is 460286063 a composite number?
False
Is 262084111 composite?
False
Is 1749779 composite?
False
Is 6692419 a prime number?
True
Is 48998381 composite?
False
Is 13026379 a composite number?
True
Is 20478083 prime?
False
Is 53535641 prime?
True
Is 1210735 a composite number?
True
Is 15761611 composite?
True
Is 5409853 composite?
True
Is 7916903 composite?
True
Is 264317 a composite number?
True
Is 125279251 a prime number?
True
Is 17316263 prime?
False
Is 5012441 prime?
False
Is 77017309 prime?
True
Is 8500381 prime?
True
Is 39030217 composite?
True
Is 440859547 a composite number?
True
Is 84613 prime?
False
Is 5454453 a prime number?
False
Is 49841629 a prime number?
True
Is 739071223 prime?
False
Is 607837 a prime number?
True
Is 21868177 composite?
True
Is 73410481 a composite number?
False
Is 12920207 a composite number?
True
Is 18246863 a prime number?
True
Is 5222935 a composite number?
True
Is 403557661 a composite number?
True
Is 57051083 prime?
True
Is 12197821 prime?
True
Is 1197618919 a prime number?
False
Is 11817451 a composite number?
False
Is 817878539 prime?
True
Is 39868343 a composite number?
False
Is 4078207 a composite number?
True
Is 98644783 composite?
False
Is 12115801 composite?
True
Is 61691293 prime?
True
Is 13655807 a composite number?
True
Is 21459895 a composite number?
True
Is 26007335 prime?
False
Is 5726135 a prime number?
False
Is 5244629 a composite number?
True
Is 20619527 composite?
False
Is 147284023 prime?
False
Is 166923071 prime?
False
Is 6058243 prime?
True
Is 53386747 a composite number?
False
Is 3126143 composite?
True
Is 7196531 prime?
False
Is 3201073 prime?
False
Is 7199839 a prime number?
True
Is 108178063 composite?
True
Is 437321 prime?
True
Is 2336743 composite?
False
Is 5916283 prime?
False
Is 862331585 prime?
False
Is 7902253 a prime number?
True
Is 54479587 a composite number?
False
Is 14451371 a prime number?
False
Is 449300155 a prime number?
False
Is 8751931 composite?
False
Is 7162087 a prime number?
True
Is 710159 a prime number?
False
Is 114528091 prime?
True
Is 443878521 composite?
True
Is 4473811 composite?
False
Is 6874619 composite?
False
Is 384535 a prime number?
False
Is 93144017 a prime number?
True
Is 32901853 a prime number?
True
Is 109329277 a composite number?
True
Is 3780683 a composite number?
True
Is 1015457 a composite number?
True
Is 9135443 prime?
False
Is 1628409301 composite?
False
Is 419527 a prime number?
True
Is 179322389 a prime number?
True
Is 412513 prime?
False
Is 110832443 a composite number?
True
Is 575982007 a composite number?
False
Is 1121503 a composite number?
True
Is 61881979 composite?
True
Is 2866111 a composite number?
True
Is 11022397 composite?
False
Is 142440421 composite?
False
Is 134012171 a prime number?
True
Is 5738891 a prime number?
False
Is 12355769 a prime number?
False
Is 43909517 prime?
True
Is 2374703 a composite number?
True
Is 791359 a composite number?
True
Is 2612173 a prime number?
False
Is 1929553 composite?
False
Is 1773683 a composite number?
False
Is 30601271 a prime number?
True
Is 8670059 a prime number?
False
Is 3034751 prime?
True
Is 93625151 composite?
True
Is 4921829 a composite number?
True
Is 1965167 a prime number?
True
Is 709493 a prime number?
False
Is 16925159 a composite number?
False
Is 5420413 composite?
False
Is 153796669 a prime number?
False
Is 8512067 a composite number?
False
Is 2648953 prime?
True
Is 14644291 a prime number?
True
Is 2325437 a prime number?
True
Is 625809803 prime?
False
Is 27544927 prime?
False
Is 26672567 prime?
False
Is 172929839 prime?
True
Is 5632969 prime?
True
Is 7571537 composite?
False
Is 296773957 a prime number?
True
Is 386758879 prime?
False
Is 13504835 composite?
True
Is 698317 a composite number?
True
Is 10074059 a composite number?
False
Is 1300469 prime?
False
Is 6403511 a composite number?
False
Is 225191627 a composite number?
True
Is 2081237 a prime number?
True
Is 264133187 a composite number?
True
Is 140470535 a composite number?
True
Is 28120577 a prime number?
True
Is 54593797 composite?
False
Is 2081627 composite?
False
Is 32286049 composite?
False
Is 11022779 composite?
True
Is 653357 a prime number?
True
Is 27284689 a composite number?
True
Is 4285289 composite?
True
Is 38731631 composite?
False
Is 54099517 a prime number?
False
Is 13259 composite?
False
Is 7392967 prime?
True
Is 64757549 composite?
False
Is 7849609 a prime number?
True
Is 3225883 a prime number?
True
Is 21079 prime?
False
Is 8476099 a composite number?
False
Is 833112758 composite?
True
Is 7464389 a prime number?
False
Is 790639 prime?
False
Is 106789 composite?
True
Is 34703431 prime?
False
Is 7147093 composite?
False
Is 10149137 a prime num